s 8b382 (base 12) in base 3?
100102100122
What is b86cb (base 16) in base 15?
edc53
Convert 30536126 (base 7) to base 2.
1001110001111110011010
Convert 743a0 (base 15) to base 9.
621676
819720 (base 10) to base 11
50a960
What is 111000111011110000 (base 2) in base 7?
1660612
Convert 17757330 (base 9) to base 4.
202022023101
Convert 33032003 (base 5) to base 3.
112101201111
Convert -577774 (base 8) to base 12.
-95938
-52141342 (base 6) to base 2
-101101111101111111110
What is -5414332 (base 6) in base 12?
-10a3a8
a5b90 (base 12) to base 3
102001121200
What is 1113310321 (base 4) in base 6?
11413241
What is 41211106 (base 8) in base 14?
12302a2
What is -11011212112 (base 3) in base 2?
-10100000101101011
What is 1153a (base 12) in base 14?
8674
What is -269502 (base 10) in base 12?
-10bb66
What is 153521 (base 8) in base 7?
316463
What is -78491 (base 10) in base 6?
-1403215
What is -2aca4b (base 13) in base 11?
-661695
16454611 (base 7) to base 14
2dcc08
Convert 1a39b5 (base 14) to base 9.
1670580
What is 1222112101 (base 3) in base 11?
27358
Convert 501a9 (base 11) to base 13.
27578
-10164232 (base 7) to base 5
-204344444
Convert 65110 (base 11) to base 13.
340c6
Convert -9527125 (base 11) to base 8.
-100025123
What is -43550523 (base 6) in base 14?
-25d975
-6672828 (base 10) to base 16
-65d1bc
What is -133990 (base 10) in base 8?
-405546
-199035 (base 14) to base 15
-12e1e1
-2701141 (base 8) to base 6
-24100001
5c308 (base 16) to base 3
201011222111
What is -4a13fe (base 16) in base 2?
-10010100001001111111110
310410010 (base 5) to base 8
4643032
Convert -1200210001201 (base 3) to base 4.
-3123333202
What is 1b518aa (base 12) in base 14?
aba802
Convert 4102b58 (base 13) to base 16.
12c5df7
Convert -159859 (base 11) to base 4.
-330113203
15102 (base 11) to base 16
53ab
What is -34344111 (base 5) in base 8?
-1134041
Convert 6527251 (base 8) to base 3.
10021211200210
772b2 (base 16) to base 14
c9c54
What is 166363 (base 16) in base 13?
3c4ab3
93568 (base 10) to base 12
46194
-a31cb9 (base 15) to base 13
-17b5510
Convert a173a (base 11) to base 10.
148631
1000111010101100010 (base 2) to base 8
1072542
What is 90182 (base 16) in base 14?
11513c
Convert -336352 (base 8) to base 2.
-11011110011101010
What is 136468 (base 12) in base 13?
b3792
Convert -297452 (base 10) to base 5.
-34004302
Convert -1110010001010 (base 2) to base 3.
-101000121
Convert -117628a (base 11) to base 15.
-2a56d5
Convert a5246 (base 13) to base 16.
4881f
Convert -1135b0 (base 16) to base 7.
-12405132
What is 10373263 (base 8) in base 4?
20133122303
1000001011010111011011001 (base 2) to base 16
105aed9
Convert -10231033133 (base 4) to base 14.
-24194b
What is 199950 (base 15) in base 8?
4604363
What is 101120002110221 (base 3) in base 2?
10101011001111111000110
Convert -1569a7 (base 13) to base 11.
-331443
Convert -101001011020 (base 3) to base 9.
-331136
33312032302 (base 4) to base 14
7a1d50
What is -211d53 (base 15) in base 3?
-2222001112020
What is -41942a (base 11) in base 14?
-13692c
Convert -111143151 (base 6) to base 5.
-1004114013
Convert 1dd0c0 (base 14) to base 3.
2000111222102
What is -1011100100101110011110 (base 2) in base 10?
-3034014
Convert 1111110001000010110 (base 2) to base 10.
516630
301553 (base 6) to base 3
1012120220
What is 322022013 (base 4) in base 5?
30110330
-10ab8c (base 15) to base 9
-1442476
What is -24423012 (base 7) in base 5?
-1030101000
-13c22 (base 16) to base 10
-80930
What is 8c95c0 (base 14) in base 13?
cb8ca7
Convert -23522353 (base 7) to base 14.
-3c57d3
What is 10114221330 (base 5) in base 3?
201101112020111
Convert -20252243 (base 8) to base 15.
-5988dc
Convert 1142005 (base 7) to base 14.
3aa75
Convert 3122111010 (base 4) to base 15.
129e86
What is -597944 (base 13) in base 7?
-24052166
Convert 1352417 (base 8) to base 15.
783b8
What is 1021002222021 (base 3) in base 5?
132441024
What is -2212220223 (base 4) in base 5?
-133320124
Convert -4014466 (base 7) to base 6.
-14101141
30512524 (base 7) to base 3
11210221221021
What is -1200222001 (base 3) in base 9?
-50861
What is -10031312000 (base 4) in base 13?
-2c9117
-321e (base 15) to base 2
-10100101101100
What is -3b62 (base 14) in base 9?
-15327
-690752 (base 10) to base 9
-1262472
What is -d6cd (base 16) in base 14?
-1607b
Convert -4045312 (base 12) to base 16.
-b7a77e
-17e11e (base 15) to base 9
-2158842
What is 30311232 (base 4) in base 16?
cd6e
What is 619cc (base 16) in base 9?
668404
What is -12263 (base 15) in base 12?
-29626
Convert 1b38a0 (base 12) to base 13.
13c035
What is -7de873 (base 15) in base 4?
-112332123330
91d4 (base 15) to base 11
2115a
What is -314410 (base 8) in base 4?
-121210020
Convert -116596 (base 10) to base 2.
-11100011101110100
What is -14403014 (base 6) in base 4?
-1321222102
222101022122 (base 3) to base 2
1111110110001110001
-42454 (base 13) to base 10
-119383
What is -a9f3 (base 16) in base 4?
-22213303
What is 15664c (base 15) in base 11?
646a97
-134326 (base 7) to base 14
-944d
What is -3302555 (base 10) in base 16?
-32649b
What is -10021010100 (base 3) in base 8?
-175362
Convert 215f (base 16) to base 5.
233133
735642 (base 10) to base 12
2b5876
What is 9a655 (base 12) in base 11?
12a992
Convert dbd8b (base 16) to base 3.
1200202020112
Convert -780711 (base 11) to base 9.
-2307255
What is -1488656 (base 13) in base 6?
-352330202
What is -267560 (base 9) in base 11?
-101536
Convert 106313c (base 13) to base 16.
4c5eba
Convert -287d9 (base 14) to base 12.
-4a0a3
Convert 11013431 (base 5) to base 11.
65302
What is -116606 (base 10) in base 12?
-57592
Convert 4188421 (base 9) to base 11.
12a2614
Convert 4400a (base 13) to base 8.
360242
7a2c0 (base 14) to base 16
487d0
-243141 (base 8) to base 15
-19b53
What is 51156430 (base 7) in base 5?
2043011301
What is -1000101111111010011001 (base 2) in base 6?
-121053333
Convert 1505319 (base 11) to base 4.
21312310232
320232121 (base 4) to base 14
60961
2434919 (base 10) to base 15
3316ce
66c4c (base 13) to base 2
101101100100010000
Convert 39a068 (base 13) to base 6.
45505000
What is -255684 (base 11) in base 10?
-402780
Convert 101110010111000 (base 2) to base 3.
1012120010
Convert -1010011011100000010001 (base 2) to base 4.
-22123200101
What is -351302020 (base 6) in base 14?
-c160d6
Convert 1117537 (base 8) to base 7.
2401134
-120241234 (base 5) to base 11
-34a660
-11203000013 (base 4) to base 9
-2655562
2400576 (base 10) to base 15
326436
Convert -44411001 (base 6) to base 8.
-5067151
What is 134724 (base 8) in base 4?
23213110
Convert 34344045 (base 6) to base 12.
42b025
-6abb74 (base 12) to base 3
-10020102210221
Convert 15004646 (base 8) to base 9.
6367088
What is -23221534 (base 6) in base 14?
-149b46
9c7f (base 16) to base 11
28111
What is a70640 (base 11) in base 16?
1a2667
-54105 (base 14) to base 13
-71692
Convert -47b8b (base 14) to base 10.
-175151
What is -91ab64 (base 16) in base 4?
-210122231210
Convert -246252 (base 8) to base 16.
-14caa
What is -2c9c26 (base 15) in base 8?
-10171401
Convert 44580 (base 11) to base 8.
176105
f2946 (base 16) to base 13
28a343
2051314 (base 7) to base 11
15a1a7
Convert -21012111201 (base 3) to base 10.
-141796
-10100111100010111 (base 2) to base 12
-41787
What is -138a71 (base 12) in base 8?
-1175365
Convert bcc543 (base 15) to base 3.
121221100212000
-4b41d (base 15) to base 13
-85651
What is 11110110100000010 (base 2) in base 6?
2412150
What is 113354 (base 9) in base 11?
4717a
What is 11010001101010000000100 (base 2) in base 13?
1567001
Convert a8810 (base 16) to base 9.
1261680
4123c (base 14) to base 8
462266
-385395a (base 11) to base 6
-355112335
What is 25621256 (base 7) in base 5?
1044411312
What is -467706 (base 8) in base 13?
-578b7
3202034 (base 8) to base 15
11cb30
Convert -1012013244 (base 6) to base 15.
-db72ad
What is 2d382 (base 15) in base 3?
21102011112
What is -100202210011 (base 3) in base 14?
-50118
Convert 11293a (base 11) to base 14.
495a6
What is -25c736 (base 13) in base 2?
-11011110111001010111
-11413431 (base 7) to base 3
-1220102022000
What is 2025385 (base 12) in base 8?
26762725
What is 3023322311 (base 4) in base 10?
835253
Convert 103989 (base 11) to base 8.
504526
Convert -21330114 (base 5) to base 10.
-183159
77b54 (b